3
Calculate the remainder when 114392 is divided by 6641.
1495
What is the remainder when 523245 is divided by 4021?
515
What is the remainder when 11134462 is divided by 1759?
1751
What is the remainder when 184714 is divided by 23023?
530
Calculate the remainder when 387063 is divided by 206.
195
Calculate the remainder when 230487 is divided by 511.
26
What is the remainder when 767100 is divided by 1193?
1
What is the remainder when 213260 is divided by 3301?
1996
What is the remainder when 19191 is divided by 8450?
2291
What is the remainder when 480748 is divided by 6599?
5620
What is the remainder when 6550354 is divided by 503867?
83
What is the remainder when 51875 is divided by 16296?
2987
What is the remainder when 28071878 is divided by 387?
59
Calculate the remainder when 158402748 is divided by 56.
28
Calculate the remainder when 40148976 is divided by 205892.
36
What is the remainder when 10742 is divided by 9950?
792
Calculate the remainder when 62245 is divided by 8892.
1
What is the remainder when 823017 is divided by 119?
13
What is the remainder when 6024673 is divided by 81?
55
Calculate the remainder when 445362 is divided by 225.
87
What is the remainder when 413655 is divided by 87?
57
Calculate the remainder when 2013376 is divided by 11311.
18
What is the remainder when 26439081 is divided by 394613?
10
What is the remainder when 792071 is divided by 49502?
39
What is the remainder when 31756 is divided by 2587?
712
What is the remainder when 87687 is divided by 87501?
186
Calculate the remainder when 1908453 is divided by 3742.
33
Calculate the remainder when 374283 is divided by 2654.
69
Calculate the remainder when 657380 is divided by 596.
588
Calculate the remainder when 2373019 is divided by 608.
603
What is the remainder when 114670094 is divided by 16?
14
Calculate the remainder when 20865902 is divided by 3934.
3900
What is the remainder when 6397792 is divided by 21?
16
What is the remainder when 715578 is divided by 5590?
58
What is the remainder when 24986225 is divided by 58?
57
Calculate the remainder when 45331 is divided by 3487.
0
Calculate the remainder when 3134583 is divided by 1044858.
9
Calculate the remainder when 123634433 is divided by 1498.
1497
What is the remainder when 3226 is divided by 1671?
1555
Calculate the remainder when 30177562 is divided by 40891.
4
What is the remainder when 131894 is divided by 21637?
2072
Calculate the remainder when 162908 is divided by 514.
484
Calculate the remainder when 10498239 is divided by 3095.
3094
Calculate the remainder when 39908 is divided by 274.
178
Calculate the remainder when 614844 is divided by 7193.
3439
Calculate the remainder when 2330322 is divided by 211847.
5
What is the remainder when 25827 is divided by 76?
63
Calculate the remainder when 710010 is divided by 258.
252
Calculate the remainder when 4696 is divided by 1478.
262
What is the remainder when 3876209 is divided by 1563?
1532
Calculate the remainder when 220602 is divided by 73522.
36
What is the remainder when 14720551 is divided by 82?
75
What is the remainder when 79479504 is divided by 139?
138
What is the remainder when 236934 is divided by 4073?
700
What is the remainder when 47907 is divided by 7950?
207
Calculate the remainder when 4193106 is divided by 6774.
0
Calculate the remainder when 39211576 is divided by 26.
14
Calculate the remainder when 53537 is divided by 51202.
2335
Calculate the remainder when 90908 is divided by 2921.
357
What is the remainder when 1296184 is divided by 7365?
7309
What is the remainder when 30439803 is divided by 224?
219
What is the remainder when 1227613 is divided by 17?
9
Calculate the remainder when 329741 is divided by 65944.
21
Calculate the remainder when 382389089 is divided by 127463027.
8
What is the remainder when 16126796 is divided by 358372?
56
Calculate the remainder when 97147 is divided by 649.
446
Calculate the remainder when 385297 is divided by 1336.
529
What is the remainder when 11404741 is divided by 2280948?
1
Calculate the remainder when 141829740 is divided by 2363829.
0
What is the remainder when 1321089 is divided by 440351?
36
What is the remainder when 144728 is divided by 3289?
12
What is the remainder when 46175 is divided by 578?
513
What is the remainder when 676077 is divided by 52005?
12
Calculate the remainder when 11322590 is divided by 11322582.
8
Calculate the remainder when 9394316 is divided by 74.
16
What is the remainder when 10858735 is divided by 71?
66
What is the remainder when 1802929 is divided by 161?
51
What is the remainder when 82083715 is divided by 2113?
4
What is the remainder when 94504 is divided by 11810?
24
What is the remainder when 2139898 is divided by 2139890?
8
Calculate the remainder when 3390881 is divided by 183.
74
What is the remainder when 432573 is divided by 58?
9
Calculate the remainder when 185202 is divided by 507.
147
What is the remainder when 770187 is divided by 1094?
11
Calculate the remainder when 697798 is divided by 3771.
163
Calculate the remainder when 1851075 is divided by 68480.
2115
What is the remainder when 321572 is divided by 133?
111
Calculate the remainder when 11654158 is divided by 48.
46
What is the remainder when 1210733578 is divided by 3287?
3285
Calculate the remainder when 1568391 is divided by 784194.
3
What is the remainder when 345804 is divided by 1491?
1383
What is the remainder when 10323239 is divided by 120?
119
What is the remainder when 74382207 is divided by 3885?
3882
Calculate the remainder when 91810923 is divided by 65439.
6
What is the remainder when 149730 is divided by 1269?
1257
Calculate the remainder when 1732722 is divided by 133281.
69
Calculate the remainder when 7240741 is divided by 1646.
1633
Calculate the remainder when 8612357 is divided by 782941.
6
Calculate the remainder when 11624314 is divided by 2107.
2102
Calculate the remainder when 13051232 is divided by 309.
308
Calculate the remainder when 11821058 is divided by 246272.
2
Calculate the remainder when 1592809 is divided by 46847.
11
Calculate the remainder when 273655 is divided by 299.
70
Calculate the remainder when 981045 is divided by 632.
181
What is the remainder when 120521 is divided by 373?
42
What is the remainder when 187264 is divided by 98?
84
Calculate the remainder when 118432388 is divided by 62.
50
What is the remainder when 869875 is divided by 66911?
32
Calculate the remainder when 2004946 is divided by 24752.
34
Calculate the remainder when 12264422 is divided by 1186.
1182
What is the remainder when 1087680 is divided by 1288?
608
What is the remainder when 648142 is divided by 146?
48
What is the remainder when 2727 is divided by 167?
55
What is the remainder when 34641969 is divided by 11547312?
33
What is the remainder when 49256 is divided by 343?
207
Calculate the remainder when 637214 is divided by 31858.
54
What is the remainder when 2499216 is divided by 312353?
392
Calculate the remainder when 4141735 is divided by 2492.
31
Calculate the remainder when 7209 is divided by 1389.
264
Calculate the remainder when 46956 is divided by 15571.
243
Calculate the remainder when 972132 is divided by 640.
612
What is the remainder when 137366 is divided by 45357?
1295
What is the remainder when 72090279 is divided by 852?
3
What is the remainder when 15802 is divided by 573?
331
Calculate the remainder when 1346285 is divided by 53851.
10
Calculate the remainder when 6321016 is divided by 72.
64
Calculate the remainder when 538713 is divided by 94.
93
What is the remainder when 11649819 is divided by 1820?
1819
Calculate the remainder when 126472 is divided by 14018.
310
What is the remainder when 48820 is divided by 48128?
692
What is the remainder when 8670373 is divided by 108?
25
Calculate the remainder when 76557 is divided by 3163.
645
Calculate the remainder when 923614717 is divided by 370.
367
Calculate the remainder when 1221456 is divided by 6720.
5136
What is the remainder when 8379329 is divided by 29?
11
Calculate the remainder when 433308 is divided by 909.
624
What is the remainder when 1294223 is divided by 26?
21
Calculate the remainder when 11860908 is divided by 4655.
4623
Calculate the remainder when 1